{"id":11586,"date":"2016-10-26T21:59:02","date_gmt":"2016-10-26T21:59:02","guid":{"rendered":"http:\/\/skaftfell.avistaserver.com\/?page_id=11586&#038;lang=en"},"modified":"2021-06-08T11:51:53","modified_gmt":"2021-06-08T11:51:53","slug":"seydisfjordur-workshop","status":"publish","type":"page","link":"https:\/\/archive.skaftfell.is\/en\/education\/seydisfjordur-workshop\/","title":{"rendered":"Sey\u00f0isfj\u00f6r\u00f0ur Workshop, 2001-2018"},"content":{"rendered":"<figure id=\"attachment_3752\" aria-describedby=\"caption-attachment-3752\" style=\"width: 500px\" class=\"wp-caption alignnone\"><img loading=\"lazy\" decoding=\"async\" class=\"size-full wp-image-3752\" src=\"https:\/\/archive.skaftfell.is\/wp-content\/uploads\/2013\/02\/lhi_2013_500.jpg\" alt=\"Nemendur, 2013\" width=\"500\" height=\"375\" srcset=\"https:\/\/archive.skaftfell.is\/wp-content\/uploads\/2013\/02\/lhi_2013_500.jpg 500w, https:\/\/archive.skaftfell.is\/wp-content\/uploads\/2013\/02\/lhi_2013_500-150x112.jpg 150w, https:\/\/archive.skaftfell.is\/wp-content\/uploads\/2013\/02\/lhi_2013_500-250x187.jpg 250w, https:\/\/archive.skaftfell.is\/wp-content\/uploads\/2013\/02\/lhi_2013_500-386x290.jpg 386w\" sizes=\"(max-width: 500px) 100vw, 500px\" \/><figcaption id=\"caption-attachment-3752\" class=\"wp-caption-text\">Students, 2013<\/figcaption><\/figure>\n<p>The Sey\u00f0isfj\u00f6r\u00f0ur Workshop was a two week long workshop hosted by the Dieter Roth Academy for students from the fine art department at the Iceland Academy of the Arts. The workshop took place annually from 2001-2018 and was guided by Bj\u00f6rn Roth and Kristj\u00e1n Steingr\u00edmur J\u00f3nsson.<\/p>\n<p>During the workshop students were introduced to the practice of Swiss artist Dieter Roth and to the special surroundings that Sey\u00f0isfj\u00f6r\u00f0ur has to offer. Skaftfell functioned as the main base during the workshop period, providing meeting and working space, where new artworks were produced.\u00a0The workshop regularly concluded with an exhibition in the Skaftfell gallery.<\/p>\n<p>Workshop collaborators:\u00a0<a href=\"http:\/\/www.dieter-roth-academy.de\" target=\"_blank\" rel=\"noopener\">The Dieter Roth\u00a0Academy<\/a>,\u00a0<a href=\"http:\/\/www.lhi.is\" target=\"_blank\" rel=\"noopener\">Iceland Academy of the Arts<\/a>, <a href=\"http:\/\/tekmus.is\" target=\"_blank\" rel=\"noopener\">The Technical Museum of East Iceland<\/a>\u00a0, St\u00e1lstj\u00f6rnur, and various other local partners.<\/p>\n<figure id=\"attachment_6564\" aria-describedby=\"caption-attachment-6564\" style=\"width: 500px\" class=\"wp-caption alignnone\"><img loading=\"lazy\" decoding=\"async\" class=\"size-large wp-image-6564\" src=\"https:\/\/archive.skaftfell.is\/wp-content\/uploads\/2014\/05\/lhi_hopmynd_okt2014_600-500x333.jpg\" alt=\"Nemendur, 2014\" width=\"500\" height=\"333\" srcset=\"https:\/\/archive.skaftfell.is\/wp-content\/uploads\/2014\/05\/lhi_hopmynd_okt2014_600-500x333.jpg 500w, https:\/\/archive.skaftfell.is\/wp-content\/uploads\/2014\/05\/lhi_hopmynd_okt2014_600-150x100.jpg 150w, https:\/\/archive.skaftfell.is\/wp-content\/uploads\/2014\/05\/lhi_hopmynd_okt2014_600-250x166.jpg 250w, https:\/\/archive.skaftfell.is\/wp-content\/uploads\/2014\/05\/lhi_hopmynd_okt2014_600-435x290.jpg 435w, https:\/\/archive.skaftfell.is\/wp-content\/uploads\/2014\/05\/lhi_hopmynd_okt2014_600.jpg 600w\" sizes=\"(max-width: 500px) 100vw, 500px\" \/><figcaption id=\"caption-attachment-6564\" class=\"wp-caption-text\">Students, 2014<\/figcaption><\/figure>\n<h3><strong>Previous workshops and exhibitions:<\/strong><\/h3>\n<p style=\"padding-left: 30px;\">2018, <a href=\"\/?p=13580&amp;lang=en\" target=\"_blank\" rel=\"noopener\">All Paths Blocked<\/a><\/p>\n<p style=\"padding-left: 30px;\">2017, <a href=\"\/?p=11904&amp;lang=en\" target=\"_blank\" rel=\"noopener\">Koma<\/a><\/p>\n<p style=\"padding-left: 30px;\">2016, mars, <a href=\"\/?p=7580\">NO SOLO<\/a><\/p>\n<p style=\"padding-left: 30px;\">2014, n\u00f3vember,\u00a0<a href=\"\/?p=6210\" target=\"_blank\" rel=\"noopener\">So\u00f0<\/a><\/p>\n<p style=\"padding-left: 30px;\">2014, mars,\u00a0<a href=\"\/?p=5773\" target=\"_blank\" rel=\"noopener\">Veldi<\/a><\/p>\n<p style=\"padding-left: 30px;\">2013,\u00a0<a href=\"\/?p=3465\" target=\"_blank\" rel=\"noopener\">Trarappa<\/a><\/p>\n<p style=\"padding-left: 30px;\">2012,\u00a0<a href=\"\/?p=1594\" target=\"_blank\" rel=\"noopener\">Sk\u00e1skegg \u00e1 VHS+CD<\/a><\/p>\n<p style=\"padding-left: 30px;\">2011,\u00a0<a href=\"\/?p=1162\" target=\"_blank\" rel=\"noopener\">Annan hvern dag, \u00e1 \u00f6\u00f0rum sta\u00f0<\/a><\/p>\n<p style=\"padding-left: 30px;\">2010,\u00a0<a href=\"\/?p=3470\" target=\"_blank\" rel=\"noopener\">Hand Traffic In The Box<\/a><\/p>\n<p style=\"padding-left: 30px;\">2009,\u00a0<a href=\"\/?p=3369\" target=\"_blank\" rel=\"noopener\">Kippuhringur<\/a><\/p>\n<p style=\"padding-left: 30px;\">2008,\u00a0<a href=\"\/?p=3507\" target=\"_blank\" rel=\"noopener\">Harware\/Sofware<\/a><\/p>\n<p style=\"padding-left: 30px;\">2007,\u00a0<a href=\"\/?p=3710\" target=\"_blank\" rel=\"noopener\">El Grillo<\/a><\/p>\n<p style=\"padding-left: 30px;\">2006,\u00a0<a href=\"\/?p=3881\" target=\"_blank\" rel=\"noopener\">Sleikj\u00f3tindar<\/a><\/p>\n<p style=\"padding-left: 30px;\">2005,\u00a0<a href=\"\/?p=4045\" target=\"_blank\" rel=\"noopener\">Austrumu kontakts<\/a><\/p>\n<p style=\"padding-left: 30px;\">2004,\u00a0<a href=\"\/?p=4388\" target=\"_blank\" rel=\"noopener\">Rj\u00f3mskip<\/a><\/p>\n<p style=\"padding-left: 30px;\">2003,\u00a0<a href=\"\/?p=4373\" target=\"_blank\" rel=\"noopener\">Akustinen Estetiikka<\/a><\/p>\n<p style=\"padding-left: 30px;\">2002,\u00a0<a href=\"\/?p=4380\" target=\"_blank\" rel=\"noopener\">Skaftfell, On the R\u00f3t &#8211; 80 d\u00fdr<\/a><\/p>\n<p style=\"padding-left: 30px;\">2001,\u00a0<a href=\"\/?p=4385\" target=\"_blank\" rel=\"noopener\">Skaftfell \u00e1 F\u00e6ri<\/a><\/p>\n","protected":false},"excerpt":{"rendered":"<p>The Sey\u00f0isfj\u00f6r\u00f0ur Workshop was a two week long workshop hosted by the Dieter Roth Academy for students from the fine art department at the Iceland Academy of the Arts. The workshop took place annually from 2001-2018 and was guided by Bj\u00f6rn Roth and Kristj\u00e1n Steingr\u00edmur J\u00f3nsson. During the workshop students were introduced to the practice of Swiss artist Dieter Roth and to the special surroundings that Sey\u00f0isfj\u00f6r\u00f0ur has to offer. Skaftfell functioned as the main base during the workshop period, providing meeting and working space, where new artworks were produced.\u00a0The workshop regularly concluded with an exhibition in the Skaftfell gallery. [\u2026] <\/p>\n<div class=\"clear\"><\/div>\n<p><a class=\"more_link clearfix\" href=\"https:\/\/archive.skaftfell.is\/en\/education\/seydisfjordur-workshop\/\" rel=\"nofollow\">Read More<\/a><\/p>\n","protected":false},"author":7,"featured_media":0,"parent":8173,"menu_order":0,"comment_status":"closed","ping_status":"closed","template":"","meta":{"footnotes":""},"class_list":["post-11586","page","type-page","status-publish","hentry"],"_links":{"self":[{"href":"https:\/\/archive.skaftfell.is\/en\/wp-json\/wp\/v2\/pages\/11586"}],"collection":[{"href":"https:\/\/archive.skaftfell.is\/en\/wp-json\/wp\/v2\/pages"}],"about":[{"href":"https:\/\/archive.skaftfell.is\/en\/wp-json\/wp\/v2\/types\/page"}],"author":[{"embeddable":true,"href":"https:\/\/archive.skaftfell.is\/en\/wp-json\/wp\/v2\/users\/7"}],"replies":[{"embeddable":true,"href":"https:\/\/archive.skaftfell.is\/en\/wp-json\/wp\/v2\/comments?post=11586"}],"version-history":[{"count":0,"href":"https:\/\/archive.skaftfell.is\/en\/wp-json\/wp\/v2\/pages\/11586\/revisions"}],"up":[{"embeddable":true,"href":"https:\/\/archive.skaftfell.is\/en\/wp-json\/wp\/v2\/pages\/8173"}],"wp:attachment":[{"href":"https:\/\/archive.skaftfell.is\/en\/wp-json\/wp\/v2\/media?parent=11586"}],"curies":[{"name":"wp","href":"https:\/\/api.w.org\/{rel}","templated":true}]}}

Seyðisfjörður Workshop, 2001-2018

<figure id="attachment_3752" aria-describedby="caption-attachment-3752" style="width: 500px" class="wp-caption alignnone"><img loading="lazy" decoding="async" class="size-full wp-image-3752" src="https://archive.skaftfell.is/wp-content/uploads/2013/02/lhi_2013_500.jpg" alt="Nemendur, 2013" width="500" height="375" srcset="https://archive.skaftfell.is/wp-content/uploads/2013/02/lhi_2013_500.jpg 500w, https://archive.skaftfell.is/wp-content/uploads/2013/02/lhi_2013_500-150x112.jpg 150w, https://archive.skaftfell.is/wp-content/uploads/2013/02/lhi_2013_500-250x187.jpg 250w, https://archive.skaftfell.is/wp-content/uploads/2013/02/lhi_2013_500-386x290.jpg 386w" sizes="(max-width: 500px) 100vw, 500px" /><figcaption id="caption-attachment-3752" class="wp-caption-text">Students, 2013</figcaption></figure>
<p>The Seyðisfjörður Workshop was a two week long workshop hosted by the Dieter Roth Academy for students from the fine art department at the Iceland Academy of the Arts. The workshop took place annually from 2001-2018 and was guided by Björn Roth and Kristján Steingrímur Jónsson.</p>
<p>During the workshop students were introduced to the practice of Swiss artist Dieter Roth and to the special surroundings that Seyðisfjörður has to offer. Skaftfell functioned as the main base during the workshop period, providing meeting and working space, where new artworks were produced. The workshop regularly concluded with an exhibition in the Skaftfell gallery.</p>
<p>Workshop collaborators: <a href="http://www.dieter-roth-academy.de" target="_blank" rel="noopener">The Dieter Roth Academy</a>, <a href="http://www.lhi.is" target="_blank" rel="noopener">Iceland Academy of the Arts</a>, <a href="http://tekmus.is" target="_blank" rel="noopener">The Technical Museum of East Iceland</a> , Stálstjörnur, and various other local partners.</p>
<figure id="attachment_6564" aria-describedby="caption-attachment-6564" style="width: 500px" class="wp-caption alignnone"><img loading="lazy" decoding="async" class="size-large wp-image-6564" src="https://archive.skaftfell.is/wp-content/uploads/2014/05/lhi_hopmynd_okt2014_600-500x333.jpg" alt="Nemendur, 2014" width="500" height="333" srcset="https://archive.skaftfell.is/wp-content/uploads/2014/05/lhi_hopmynd_okt2014_600-500x333.jpg 500w, https://archive.skaftfell.is/wp-content/uploads/2014/05/lhi_hopmynd_okt2014_600-150x100.jpg 150w, https://archive.skaftfell.is/wp-content/uploads/2014/05/lhi_hopmynd_okt2014_600-250x166.jpg 250w, https://archive.skaftfell.is/wp-content/uploads/2014/05/lhi_hopmynd_okt2014_600-435x290.jpg 435w, https://archive.skaftfell.is/wp-content/uploads/2014/05/lhi_hopmynd_okt2014_600.jpg 600w" sizes="(max-width: 500px) 100vw, 500px" /><figcaption id="caption-attachment-6564" class="wp-caption-text">Students, 2014</figcaption></figure>
<h3><strong>Previous workshops and exhibitions:</strong></h3>
<p style="padding-left: 30px;">2018, <a href="/?p=13580&amp;lang=en" target="_blank" rel="noopener">All Paths Blocked</a></p>
<p style="padding-left: 30px;">2017, <a href="/?p=11904&amp;lang=en" target="_blank" rel="noopener">Koma</a></p>
<p style="padding-left: 30px;">2016, mars, <a href="/?p=7580">NO SOLO</a></p>
<p style="padding-left: 30px;">2014, nóvember, <a href="/?p=6210" target="_blank" rel="noopener">Soð</a></p>
<p style="padding-left: 30px;">2014, mars, <a href="/?p=5773" target="_blank" rel="noopener">Veldi</a></p>
<p style="padding-left: 30px;">2013, <a href="/?p=3465" target="_blank" rel="noopener">Trarappa</a></p>
<p style="padding-left: 30px;">2012, <a href="/?p=1594" target="_blank" rel="noopener">Skáskegg á VHS+CD</a></p>
<p style="padding-left: 30px;">2011, <a href="/?p=1162" target="_blank" rel="noopener">Annan hvern dag, á öðrum stað</a></p>
<p style="padding-left: 30px;">2010, <a href="/?p=3470" target="_blank" rel="noopener">Hand Traffic In The Box</a></p>
<p style="padding-left: 30px;">2009, <a href="/?p=3369" target="_blank" rel="noopener">Kippuhringur</a></p>
<p style="padding-left: 30px;">2008, <a href="/?p=3507" target="_blank" rel="noopener">Harware/Sofware</a></p>
<p style="padding-left: 30px;">2007, <a href="/?p=3710" target="_blank" rel="noopener">El Grillo</a></p>
<p style="padding-left: 30px;">2006, <a href="/?p=3881" target="_blank" rel="noopener">Sleikjótindar</a></p>
<p style="padding-left: 30px;">2005, <a href="/?p=4045" target="_blank" rel="noopener">Austrumu kontakts</a></p>
<p style="padding-left: 30px;">2004, <a href="/?p=4388" target="_blank" rel="noopener">Rjómskip</a></p>
<p style="padding-left: 30px;">2003, <a href="/?p=4373" target="_blank" rel="noopener">Akustinen Estetiikka</a></p>
<p style="padding-left: 30px;">2002, <a href="/?p=4380" target="_blank" rel="noopener">Skaftfell, On the Rót &#8211; 80 dýr</a></p>
<p style="padding-left: 30px;">2001, <a href="/?p=4385" target="_blank" rel="noopener">Skaftfell á Færi</a></p>

<p>The Seyðisfjörður Workshop was a two week long workshop hosted by the Dieter Roth Academy for students from the fine art department at the Iceland Academy of the Arts. The workshop took place annually from 2001-2018 and was guided by Björn Roth and Kristján Steingrímur Jónsson. During the workshop students were introduced to the practice of Swiss artist Dieter Roth and to the special surroundings that Seyðisfjörður has to offer. Skaftfell functioned as the main base during the workshop period, providing meeting and working space, where new artworks were produced. The workshop regularly concluded with an exhibition in the Skaftfell gallery. […] </p>
<div class="clear"></div>
<p><a class="more_link clearfix" href="https://archive.skaftfell.is/en/education/seydisfjordur-workshop/" rel="nofollow">Read More</a></p>
