{"id":8234,"date":"2016-03-01T09:14:12","date_gmt":"2016-03-01T09:14:12","guid":{"rendered":"http:\/\/skaftfell.avistaserver.com\/?page_id=8234&#038;lang=en"},"modified":"2021-06-08T12:20:53","modified_gmt":"2021-06-08T12:20:53","slug":"honorary-artistic-director","status":"publish","type":"page","link":"https:\/\/archive.skaftfell.is\/en\/skaftfell\/honorary-artistic-director\/","title":{"rendered":"Advisory panel"},"content":{"rendered":"<p>The advisory panel started its work within Skaftfell at the beginning of 2017. Its key role is to define the artistic approach and premises for Skaftfell&#8217;s gallery, residency and education programs. It consists of three members, appointed for two years by the Association of Icelandic Artists, the Iceland Academy of the Arts and the Association of Art History and Theory in Iceland.<\/p>\n<p>The advisory panel succeeds the honorary position of artistic director, which had been in place since 2009. The first appointed artistic director was Bj\u00f6rn Roth (2009-2011), followed by Christoph B\u00fcchel (2011-2013),\u00a0R\u00e1\u00f0hildur Ingad\u00f3ttir (2013-2015) and\u00a0Gavin Morrison (2015-2017).<\/p>\n<p>The advisory panel has been implemented for two main reasons: to strengthen the dialogue and collaboration with the professional art sector and ever-changing art field in Iceland and abroad, and to fulfill one of the terms of Skaftfell\u2019s primary funding contract with the East Iceland Association of Local Authorities and Sey\u00f0isfj\u00f6r\u00f0ur Municipality, signed in June 2015 and in 2020, which is valid for 5 years.<\/p>\n<h3><strong>Advisory panel 2019 \/ 2020: \u00d3l\u00f6f Ger\u00f0ur Sigf\u00fasd\u00f3ttir, Magn\u00fas Helgason, Karina Hanney Marrero<\/strong><\/h3>\n<p><img loading=\"lazy\" decoding=\"async\" class=\"aligncenter wp-image-16764\" src=\"https:\/\/archive.skaftfell.is\/wp-content\/uploads\/2020\/09\/AdvisoryBoard2019-20-500x170.jpg\" alt=\"\" width=\"500\" height=\"170\" srcset=\"https:\/\/archive.skaftfell.is\/wp-content\/uploads\/2020\/09\/AdvisoryBoard2019-20-500x170.jpg 500w, https:\/\/archive.skaftfell.is\/wp-content\/uploads\/2020\/09\/AdvisoryBoard2019-20-250x85.jpg 250w, https:\/\/archive.skaftfell.is\/wp-content\/uploads\/2020\/09\/AdvisoryBoard2019-20-150x51.jpg 150w, https:\/\/archive.skaftfell.is\/wp-content\/uploads\/2020\/09\/AdvisoryBoard2019-20-768x260.jpg 768w, https:\/\/archive.skaftfell.is\/wp-content\/uploads\/2020\/09\/AdvisoryBoard2019-20-800x271.jpg 800w, https:\/\/archive.skaftfell.is\/wp-content\/uploads\/2020\/09\/AdvisoryBoard2019-20-580x197.jpg 580w, https:\/\/archive.skaftfell.is\/wp-content\/uploads\/2020\/09\/AdvisoryBoard2019-20.jpg 1200w\" sizes=\"(max-width: 500px) 100vw, 500px\" \/><\/p>\n<p><b>\u00d3l\u00f6f Ger\u00f0ur Sigf\u00fasd\u00f3ttir <\/b>hefur bakgrunn \u00ed mannfr\u00e6\u00f0i og stundar n\u00fa doktorsn\u00e1m \u00ed safnafr\u00e6\u00f0i vi\u00f0 H\u00e1sk\u00f3la \u00cdslands, me\u00f0 f\u00f3kus \u00e1 ranns\u00f3knarstarf og \u00feekkingarsk\u00f6pun opinberra safna. \u00d3l\u00f6f Ger\u00f0ur vinnur \u00e1 m\u00f6rkum mannfr\u00e6\u00f0i, efnismenningarfr\u00e6\u00f0i og safnafr\u00e6\u00f0i, og kannar lei\u00f0ir til a\u00f0 beita s\u00fdningarstj\u00f3rnun sem ranns\u00f3knara\u00f0fer\u00f0. Me\u00f0al s\u00fdninga sem h\u00fan hefur unni\u00f0 m\u00e1 nefna <i>A\u00f0 \u00feekkjast \u00feekkinguna<\/i> (Listasafn \u00c1rnesinga 2010) og <i>\u00cd bili<\/i> (Hafnarborg 2011). \u00de\u00e1 hefur h\u00fan skrifa\u00f0 um listamenn me\u00f0 \u00e1herslu \u00e1 ranns\u00f3knarferli og ranns\u00f3knara\u00f0fer\u00f0ir, s.s.\u00a0 <i>Seeing Beyond Science: Art as Epistemic Practice <\/i>(The Green Box 2020), <i>\u00c9g hef misst sj\u00f3nar af \u00fe\u00e9r <\/i>(Safna\u00f0arheimili Neskirkju 2019), <i>Myndlist \u00e1 m\u00f6rkunum: ranns\u00f3knarlei\u00f0angur listamanna <\/i>(Listasafn Reykjav\u00edkur 2017). \u00d3l\u00f6f Ger\u00f0ur hefur veri\u00f0 virk \u00ed opinberri umr\u00e6\u00f0u um myndlist, s\u00f6fn og rann\u00f3knarp\u00f3lit\u00edk, b\u00e6\u00f0i h\u00e9r \u00e1 landi sem \u00e1 erlendum vettvangi.<\/p>\n<div><strong>Magn\u00fas Helgason<\/strong> born in 1977. He graduated from the Aki Art academy in the Netherlands in 2001, and now lives and works in Akureyri.<\/div>\n<div>Magnus has worked with a few mediums since graduation, among them painting, experimental filmmaking and installations. Most recently Magn\u00fas has been working with extremely powerful magnets in his installations.<\/div>\n<p><strong>Karina Hanney Marrero<\/strong> er verkefnastj\u00f3ri, listfr\u00e6\u00f0ingur og heilari. H\u00fan\u00a0er me\u00f0 mastergr\u00e1\u00f0u \u00ed Samt\u00edmalistfr\u00e6\u00f0um fr\u00e1 Goldsmiths h\u00e1sk\u00f3lanum \u00ed\u00a0London og hefur s\u00ed\u00f0an b\u00e6tt vi\u00f0 sig j\u00f3gakennarar\u00e9ttum, Reikiheilun og\u00a0Landvar\u00f0arr\u00e9ttindum. Karina hefur efnt til og unni\u00f0 a\u00f0 \u00f3l\u00edkum\u00a0verkefnum, listranns\u00f3knum og \u00fatg\u00e1fum h\u00e9r \u00e1 landi \u00ed London og \u00ed\u00a0Winnipeg. \u00c1 me\u00f0al \u00e1huga- og ranns\u00f3knarsvi\u00f0a hennar eru; hli\u00f0ars\u00f6gur,\u00a0efnismenning, n\u00e1tt\u00faruvernd, matarp\u00f3lit\u00edk, heilsa og heildarhyggja og\u00a0birtingarmyndir \u00e1 misbeitingu valds \u00ed n\u00e6r- og heimssamf\u00e9laginu. Karina\u00a0b\u00fdr \u00ed Reykjav\u00edk og vinnur sj\u00e1lfst\u00e6tt sem listfr\u00e6\u00f0ingur og heilari og\u00a0sinnir landv\u00f6rslu \u00e1 sumrin.<\/p>\n<h3><\/h3>\n<h3>Advisory panel 2017 \/ 2018: Bjarki Bragason, Karlotta Bl\u00f6ndal, Oddn\u00fd Dan\u00edelsd\u00f3ttir<\/h3>\n<p><img loading=\"lazy\" decoding=\"async\" class=\"aligncenter wp-image-12202 \" src=\"https:\/\/archive.skaftfell.is\/wp-content\/uploads\/2017\/04\/fagrad_2017.jpg\" alt=\"Fagrad_2017\" width=\"508\" height=\"190\" srcset=\"https:\/\/archive.skaftfell.is\/wp-content\/uploads\/2017\/04\/fagrad_2017.jpg 860w, https:\/\/archive.skaftfell.is\/wp-content\/uploads\/2017\/04\/fagrad_2017-150x56.jpg 150w, https:\/\/archive.skaftfell.is\/wp-content\/uploads\/2017\/04\/fagrad_2017-250x93.jpg 250w, https:\/\/archive.skaftfell.is\/wp-content\/uploads\/2017\/04\/fagrad_2017-768x286.jpg 768w, https:\/\/archive.skaftfell.is\/wp-content\/uploads\/2017\/04\/fagrad_2017-500x186.jpg 500w, https:\/\/archive.skaftfell.is\/wp-content\/uploads\/2017\/04\/fagrad_2017-148x55.jpg 148w, https:\/\/archive.skaftfell.is\/wp-content\/uploads\/2017\/04\/fagrad_2017-800x298.jpg 800w, https:\/\/archive.skaftfell.is\/wp-content\/uploads\/2017\/04\/fagrad_2017-580x216.jpg 580w\" sizes=\"(max-width: 508px) 100vw, 508px\" \/><\/p>\n<p><strong>Bjarki Bragason<\/strong> has for the past years been active in the professional art field in Iceland and abroad, and has some curating experience. He is a committed art researcher with some experience in teaching at a academic level and art management. Bjarki graduated with a masters from California Institute of the Arts, CalArts in Los Angeles and a bachelor\u00b4s degree from the Iceland Academy of the Arts, in 2005 he studied in Universit\u00e4t der K\u00fcnste in Berl\u00edn. Currently Bjarki holds the position of assistant professor and programme director at the fine art department in the Iceland Academy of the Arts.<\/p>\n<p><strong>Karlotta Bl\u00f6ndal <\/strong>works in a variety of media, ranging from drawings, paintings, publications, environmental installations and performances. By emphasising aesthetics Bl\u00f6ndal investigates the dynamics of a given medium, site or situation, including the manipulation based on our assumptions of what it means to us. Her work sometime deal with found documents and the question of how they can be presented and re-presented. Thus the question of value of the art object, the repetitive aspect vs. uniqueness is present throughout her practice. Karlotta Bl\u00f6ndal received her BA from Icelandic College of Art and Crafts and her MFA from Malm\u00f6 Art Academy in Sweden. She has been involved in numerous artist run initiatives, such as the Living Art Museum and Signal gallery Malm\u00f6 and was co-editor and publisher of Sjonauki Art Magazine. She is part of a long term interdisciplinary collaboration project called the Journey to the Magic Mountain, 2013-2020. <a href=\"http:\/\/www.karlottablondal.net\/\">www.karlottablondal.net<\/a><\/p>\n<p><strong>Oddn\u00fd Bj\u00f6rk Dan\u00edelsd\u00f3ttir <\/strong>is born 1986 in Reykjav\u00edk. She graduated from the Commercial College of Iceland in the year 2006. In the spring 2011 she graduated with B.A. degree in art history and theory with literature in minor from the University of Iceland. Thereof she was an exchange student in Utrecht University in Holland. Oddny started in the art history and theory master&#8217;s program in the University of Iceland but took a break from studying and has only left her thesis to graduate. When she took the break she had already started to study the curatorial culture of the art life in Iceland. Oddn\u00fd is one of the founders of Art\u00edma Galler\u00ed, gallery of art history and theory students and was runned from curators point of view. Oddn\u00fd was a board member there 2012-2013 where she took care of the organization of exhibitions and funding among other things. She also curator more than a dozen exhibitions. In the fall of 2013 Oddn\u00fd moved to Seydisfjordur and has since worked for Skaftfell on occasional projects; working on exhibitions, the accounting etc. Last years Oddn\u00fd has been working in the office of H\u00f3tel Aldan but is now a sales manager for Sk\u00e1lanes Nature and Heritage Centre.<\/p>\n","protected":false},"excerpt":{"rendered":"<p>The advisory panel started its work within Skaftfell at the beginning of 2017. Its key role is to define the artistic approach and premises for Skaftfell&#8217;s gallery, residency and education programs. It consists of three members, appointed for two years by the Association of Icelandic Artists, the Iceland Academy of the Arts and the Association of Art History and Theory in Iceland. The advisory panel succeeds the honorary position of artistic director, which had been in place since 2009. The first appointed artistic director was Bj\u00f6rn Roth (2009-2011), followed by Christoph B\u00fcchel (2011-2013),\u00a0R\u00e1\u00f0hildur Ingad\u00f3ttir (2013-2015) and\u00a0Gavin Morrison (2015-2017). The advisory [\u2026] <\/p>\n<div class=\"clear\"><\/div>\n<p><a class=\"more_link clearfix\" href=\"https:\/\/archive.skaftfell.is\/en\/skaftfell\/honorary-artistic-director\/\" rel=\"nofollow\">Read More<\/a><\/p>\n","protected":false},"author":7,"featured_media":12202,"parent":8213,"menu_order":3,"comment_status":"open","ping_status":"closed","template":"","meta":{"footnotes":""},"class_list":["post-8234","page","type-page","status-publish","has-post-thumbnail","hentry"],"_links":{"self":[{"href":"https:\/\/archive.skaftfell.is\/en\/wp-json\/wp\/v2\/pages\/8234"}],"collection":[{"href":"https:\/\/archive.skaftfell.is\/en\/wp-json\/wp\/v2\/pages"}],"about":[{"href":"https:\/\/archive.skaftfell.is\/en\/wp-json\/wp\/v2\/types\/page"}],"author":[{"embeddable":true,"href":"https:\/\/archive.skaftfell.is\/en\/wp-json\/wp\/v2\/users\/7"}],"replies":[{"embeddable":true,"href":"https:\/\/archive.skaftfell.is\/en\/wp-json\/wp\/v2\/comments?post=8234"}],"version-history":[{"count":0,"href":"https:\/\/archive.skaftfell.is\/en\/wp-json\/wp\/v2\/pages\/8234\/revisions"}],"up":[{"embeddable":true,"href":"https:\/\/archive.skaftfell.is\/en\/wp-json\/wp\/v2\/pages\/8213"}],"wp:featuredmedia":[{"embeddable":true,"href":"https:\/\/archive.skaftfell.is\/en\/wp-json\/wp\/v2\/media\/12202"}],"wp:attachment":[{"href":"https:\/\/archive.skaftfell.is\/en\/wp-json\/wp\/v2\/media?parent=8234"}],"curies":[{"name":"wp","href":"https:\/\/api.w.org\/{rel}","templated":true}]}}

<p>The advisory panel started its work within Skaftfell at the beginning of 2017. Its key role is to define the artistic approach and premises for Skaftfell&#8217;s gallery, residency and education programs. It consists of three members, appointed for two years by the Association of Icelandic Artists, the Iceland Academy of the Arts and the Association of Art History and Theory in Iceland.</p>
<p>The advisory panel succeeds the honorary position of artistic director, which had been in place since 2009. The first appointed artistic director was Björn Roth (2009-2011), followed by Christoph Büchel (2011-2013), Ráðhildur Ingadóttir (2013-2015) and Gavin Morrison (2015-2017).</p>
<p>The advisory panel has been implemented for two main reasons: to strengthen the dialogue and collaboration with the professional art sector and ever-changing art field in Iceland and abroad, and to fulfill one of the terms of Skaftfell’s primary funding contract with the East Iceland Association of Local Authorities and Seyðisfjörður Municipality, signed in June 2015 and in 2020, which is valid for 5 years.</p>
<h3><strong>Advisory panel 2019 / 2020: Ólöf Gerður Sigfúsdóttir, Magnús Helgason, Karina Hanney Marrero</strong></h3>
<p><img loading="lazy" decoding="async" class="aligncenter wp-image-16764" src="https://archive.skaftfell.is/wp-content/uploads/2020/09/AdvisoryBoard2019-20-500x170.jpg" alt="" width="500" height="170" srcset="https://archive.skaftfell.is/wp-content/uploads/2020/09/AdvisoryBoard2019-20-500x170.jpg 500w, https://archive.skaftfell.is/wp-content/uploads/2020/09/AdvisoryBoard2019-20-250x85.jpg 250w, https://archive.skaftfell.is/wp-content/uploads/2020/09/AdvisoryBoard2019-20-150x51.jpg 150w, https://archive.skaftfell.is/wp-content/uploads/2020/09/AdvisoryBoard2019-20-768x260.jpg 768w, https://archive.skaftfell.is/wp-content/uploads/2020/09/AdvisoryBoard2019-20-800x271.jpg 800w, https://archive.skaftfell.is/wp-content/uploads/2020/09/AdvisoryBoard2019-20-580x197.jpg 580w, https://archive.skaftfell.is/wp-content/uploads/2020/09/AdvisoryBoard2019-20.jpg 1200w" sizes="(max-width: 500px) 100vw, 500px" /></p>
<p><b>Ólöf Gerður Sigfúsdóttir </b>hefur bakgrunn í mannfræði og stundar nú doktorsnám í safnafræði við Háskóla Íslands, með fókus á rannsóknarstarf og þekkingarsköpun opinberra safna. Ólöf Gerður vinnur á mörkum mannfræði, efnismenningarfræði og safnafræði, og kannar leiðir til að beita sýningarstjórnun sem rannsóknaraðferð. Meðal sýninga sem hún hefur unnið má nefna <i>Að þekkjast þekkinguna</i> (Listasafn Árnesinga 2010) og <i>Í bili</i> (Hafnarborg 2011). Þá hefur hún skrifað um listamenn með áherslu á rannsóknarferli og rannsóknaraðferðir, s.s.  <i>Seeing Beyond Science: Art as Epistemic Practice </i>(The Green Box 2020), <i>Ég hef misst sjónar af þér </i>(Safnaðarheimili Neskirkju 2019), <i>Myndlist á mörkunum: rannsóknarleiðangur listamanna </i>(Listasafn Reykjavíkur 2017). Ólöf Gerður hefur verið virk í opinberri umræðu um myndlist, söfn og rannóknarpólitík, bæði hér á landi sem á erlendum vettvangi.</p>
<div><strong>Magnús Helgason</strong> born in 1977. He graduated from the Aki Art academy in the Netherlands in 2001, and now lives and works in Akureyri.</div>
<div>Magnus has worked with a few mediums since graduation, among them painting, experimental filmmaking and installations. Most recently Magnús has been working with extremely powerful magnets in his installations.</div>
<p><strong>Karina Hanney Marrero</strong> er verkefnastjóri, listfræðingur og heilari. Hún er með mastergráðu í Samtímalistfræðum frá Goldsmiths háskólanum í London og hefur síðan bætt við sig jógakennararéttum, Reikiheilun og Landvarðarréttindum. Karina hefur efnt til og unnið að ólíkum verkefnum, listrannsóknum og útgáfum hér á landi í London og í Winnipeg. Á meðal áhuga- og rannsóknarsviða hennar eru; hliðarsögur, efnismenning, náttúruvernd, matarpólitík, heilsa og heildarhyggja og birtingarmyndir á misbeitingu valds í nær- og heimssamfélaginu. Karina býr í Reykjavík og vinnur sjálfstætt sem listfræðingur og heilari og sinnir landvörslu á sumrin.</p>
<h3></h3>
<h3>Advisory panel 2017 / 2018: Bjarki Bragason, Karlotta Blöndal, Oddný Daníelsdóttir</h3>
<p><img loading="lazy" decoding="async" class="aligncenter wp-image-12202 " src="https://archive.skaftfell.is/wp-content/uploads/2017/04/fagrad_2017.jpg" alt="Fagrad_2017" width="508" height="190" srcset="https://archive.skaftfell.is/wp-content/uploads/2017/04/fagrad_2017.jpg 860w, https://archive.skaftfell.is/wp-content/uploads/2017/04/fagrad_2017-150x56.jpg 150w, https://archive.skaftfell.is/wp-content/uploads/2017/04/fagrad_2017-250x93.jpg 250w, https://archive.skaftfell.is/wp-content/uploads/2017/04/fagrad_2017-768x286.jpg 768w, https://archive.skaftfell.is/wp-content/uploads/2017/04/fagrad_2017-500x186.jpg 500w, https://archive.skaftfell.is/wp-content/uploads/2017/04/fagrad_2017-148x55.jpg 148w, https://archive.skaftfell.is/wp-content/uploads/2017/04/fagrad_2017-800x298.jpg 800w, https://archive.skaftfell.is/wp-content/uploads/2017/04/fagrad_2017-580x216.jpg 580w" sizes="(max-width: 508px) 100vw, 508px" /></p>
<p><strong>Bjarki Bragason</strong> has for the past years been active in the professional art field in Iceland and abroad, and has some curating experience. He is a committed art researcher with some experience in teaching at a academic level and art management. Bjarki graduated with a masters from California Institute of the Arts, CalArts in Los Angeles and a bachelor´s degree from the Iceland Academy of the Arts, in 2005 he studied in Universität der Künste in Berlín. Currently Bjarki holds the position of assistant professor and programme director at the fine art department in the Iceland Academy of the Arts.</p>
<p><strong>Karlotta Blöndal </strong>works in a variety of media, ranging from drawings, paintings, publications, environmental installations and performances. By emphasising aesthetics Blöndal investigates the dynamics of a given medium, site or situation, including the manipulation based on our assumptions of what it means to us. Her work sometime deal with found documents and the question of how they can be presented and re-presented. Thus the question of value of the art object, the repetitive aspect vs. uniqueness is present throughout her practice. Karlotta Blöndal received her BA from Icelandic College of Art and Crafts and her MFA from Malmö Art Academy in Sweden. She has been involved in numerous artist run initiatives, such as the Living Art Museum and Signal gallery Malmö and was co-editor and publisher of Sjonauki Art Magazine. She is part of a long term interdisciplinary collaboration project called the Journey to the Magic Mountain, 2013-2020. <a href="http://www.karlottablondal.net/">www.karlottablondal.net</a></p>
<p><strong>Oddný Björk Daníelsdóttir </strong>is born 1986 in Reykjavík. She graduated from the Commercial College of Iceland in the year 2006. In the spring 2011 she graduated with B.A. degree in art history and theory with literature in minor from the University of Iceland. Thereof she was an exchange student in Utrecht University in Holland. Oddny started in the art history and theory master&#8217;s program in the University of Iceland but took a break from studying and has only left her thesis to graduate. When she took the break she had already started to study the curatorial culture of the art life in Iceland. Oddný is one of the founders of Artíma Gallerí, gallery of art history and theory students and was runned from curators point of view. Oddný was a board member there 2012-2013 where she took care of the organization of exhibitions and funding among other things. She also curator more than a dozen exhibitions. In the fall of 2013 Oddný moved to Seydisfjordur and has since worked for Skaftfell on occasional projects; working on exhibitions, the accounting etc. Last years Oddný has been working in the office of Hótel Aldan but is now a sales manager for Skálanes Nature and Heritage Centre.</p>

<p>The advisory panel started its work within Skaftfell at the beginning of 2017. Its key role is to define the artistic approach and premises for Skaftfell&#8217;s gallery, residency and education programs. It consists of three members, appointed for two years by the Association of Icelandic Artists, the Iceland Academy of the Arts and the Association of Art History and Theory in Iceland. The advisory panel succeeds the honorary position of artistic director, which had been in place since 2009. The first appointed artistic director was Björn Roth (2009-2011), followed by Christoph Büchel (2011-2013), Ráðhildur Ingadóttir (2013-2015) and Gavin Morrison (2015-2017). The advisory […] </p>
<div class="clear"></div>
<p><a class="more_link clearfix" href="https://archive.skaftfell.is/en/skaftfell/honorary-artistic-director/" rel="nofollow">Read More</a></p>
